g + 4/(-4))?
0
Suppose 0 = 5*m + 3*o - 3404, 3*o - 1370 = -2*m + 6*o. Suppose -m + 2202 = 4*x. What is the hundreds digit of x?
3
Suppose 4*k - 2 = -w, 11*k = 8*k. Suppose -1175 = -13*q + 9*q - 3*u, -6 = w*u. What is the tens digit of q?
9
Suppose 4*j + 3*u = 17, 0 = -3*j + 6*j + 5*u - 21. Let a be (2 - 3)/(j/40). What is the units digit of (5/10)/((-2)/a)?
5
Let g = -8961 + 15916. What is the tens digit of g?
5
Suppose 3*g = 2*w + 18187, -30309 = -5*g - 29*w + 31*w. What is the hundreds digit of g?
0
Suppose 7 = -5*y - 8. What is the units digit of y/(-6)*(318 - -24)?
1
Suppose -6*h - 110 = -146. What is the hundreds digit of 4/h + (-35926)/(-66)?
5
Let j be -5*(0 + 58)*(-2)/10. Let z = j + -52. What is the units digit of ((-213)/12)/(z/(-72))?
3
Suppose 2*m - 7*m = -1080. Let v = 157 + m. What is the units digit of v?
3
Let j = 374 + 265. Let i = -455 + j. What is the units digit of i?
4
Let q be (1 - (0 + -8)) + 4 + -7. Suppose q*y - 5000 = -4*y. What is the tens digit of y?
0
Let s = 8139 + -1549. What is the units digit of s?
0
Let o(i) = 5679*i + 136. What is the units digit of o(8)?
8
Let y = -98 + 94. Let k(r) = -9*r**3 - 2*r**2 - 15*r - 13. What is the hundreds digit of k(y)?
5
Let v(x) = 222*x**2 - 119*x + 1449. What is the units digit of v(10)?
9
Let c(r) = -625*r - 56. Let v be c(-3). Suppose -21*a = v - 5872. What is the tens digit of a?
9
Suppose -30 = -2*w - 0*w. Let f be (-2 - (-25)/w)/(1/(-237)). What is the tens digit of f + ((-4)/4)/(-3)*-6?
7
Let i(s) be the second derivative of 4*s**4/3 + s**3 + 3*s**2 + s + 6. What is the tens digit of i(4)?
8
Let s(d) = 12*d**2 + 2*d - 1. Let c be s(1). Suppose 4*q + c = -j, 4*q + 15 = -q. What is the tens digit of ((-29 - 2) + 0)*j + 1?
3
Let n = 792 - 1104. Let c(p) = -p**3 - 8*p**2 + 9*p + 8. Let w be c(-7). Let k = w - n. What is the hundreds digit of k?
2
Suppose -11522 + 1570 = -8*p. What is the thousands digit of p?
1
Suppose -2*j + 55 = 1. Let o = -152 + j. Let p = 39 - o. What is the tens digit of p?
6
What is the thousands digit of (25 + 0)/(-5 - (-63784)/12754)?
2
Let y(t) = -t**3 + 141*t + 75259. What is the hundreds digit of y(0)?
2
Suppose -x + t = 4*t - 88, -352 = -4*x + 5*t. Let k = x + -207. Let u = k + 229. What is the units digit of u?
0
Let p(s) = s**3 + 4*s**2 + 3*s + 2. Suppose -15 = z + 4*z. Let d be p(z). What is the units digit of 80 + (-1 + d + 0)*-3?
7
Let p(q) = 2*q**2 - 21*q - 15. Let x be p(12). Suppose x*u - 22*u = -5. Suppose u*m + 131 = 3*z, 0 = -4*z - 2*m + 161 + 57. What is the units digit of z?
2
What is the ten thousands digit of (-21810488)/(-896) + (62/32 - 2)?
2
Let a be (-10)/(-25)*-2*-5. Suppose -d = 3*k + 251, 4 + a = 2*d. Let i = 26 - k. What is the units digit of i?
1
Suppose 1563 + 729 = -4*p. Let z = p - -1349. What is the tens digit of z?
7
Let b(h) = 2*h**2 - 8*h + 71. Let i = 359 - 345. What is the tens digit of b(i)?
5
Suppose -2*w + 14739 + 38433 = 0. What is the thousands digit of w?
6
What is the units digit of (2313388/88 - -5)*(0 + (-4)/(-6))?
9
Let n(r) = -r - 2. Suppose z = -0*z, -36 = -4*q + 4*z. Let v be n(q). Let b = -5 - v. What is the units digit of b?
6
Suppose 403 = -2*g - 5*i, g - i - i + 197 = 0. Let s = 304 + g. Suppose -22*z + 23*z - s = 0. What is the units digit of z?
5
Let t = 5156 + 4574. What is the units digit of t?
0
Suppose 2*d = -d - 5*f + 21, -4*d + 28 = -2*f. Suppose -o = 0, 4*q + d*o - 12*o - 1076 = 0. What is the hundreds digit of q?
2
Suppose s - 3*s = -28. Let r(u) = -20*u**2 - 3*u**3 - 27*u**2 + 4*u**3 - 26*u**2 + 62*u**2 + 42 - 27*u. What is the tens digit of r(s)?
5
Suppose -4*t + 1 = -3*t, 4*t = -2*i - 28. What is the units digit of ((-1244)/i + 1)*(7 - 3)?
5
Suppose 5*x + 84 = 14. Let r(t) = -2*t - 24. Let n be r(x). What is the tens digit of (-170)/(-4) - ((-77)/(-14) - n)?
4
Suppose 62 = -5*h + 3*h. Let f = h - 37. Let g = 164 + f. What is the units digit of g?
6
Let f(q) = 43*q**2 - q + 5. Suppose 5*h - 18 = -8. Let r be f(h). Suppose 4*d = -2*b + 166, -b = -4*d - 0*d + r. What is the tens digit of d?
4
Suppose -19250 - 8926 = -3*z. What is the tens digit of z?
9
Let d(v) be the third derivative of -29*v**4/24 + 47*v**3/6 + 439*v**2. Let c be 91/(-14) - (-2)/4. What is the hundreds digit of d(c)?
2
Let k(f) = f**2 - 31*f + 124. Let j be k(26). What is the tens digit of (14 + 3664/24)/((-2)/j)?
0
Let k(b) = -141*b - 6. Let m be k(-6). Suppose m = 18*x - 12*x. Let p = -40 + x. What is the tens digit of p?
0
What is the units digit of 11/((-1416)/712 - 1 - (0 + -3))?
9
Suppose 2*g + 52*g - 1016280 = 0. What is the ten thousands digit of g?
1
Let n(s) = s**3 - 15*s**2 + 16*s + 41. Let l(x) = -22*x - 28. Let g be l(-2). What is the hundreds digit of n(g)?
5
Let y(j) = -115*j + 1172. What is the hundreds digit of y(-13)?
6
Suppose 0 = -63*g + 61*g + 1456. Let o = -266 + g. What is the tens digit of o?
6
Let u = -90 + 44. Let z(d) = -3*d - 3. Let g be z(-2). Let x = g - u. What is the tens digit of x?
4
Suppose -5668 = -4*n - g, 2482 = 4*n - g - 3178. What is the hundreds digit of 1/2*n/2?
3
Let k be (592 + -2)*(-4)/(-8). Suppose 4*w - 270 = 5*s, -k = -5*w - 5*s + 65. What is the units digit of w?
0
Let n be ((-854)/305)/(4/(-30)). Let x = 555 - 107. Suppose 17*j - n*j = -x. What is the hundreds digit of j?
1
Let s = -12319 - -28614. What is the hundreds digit of s?
2
Let o(x) = -x**3 - 12*x**2 - 10*x + 14. Let b be o(-11). Suppose 0 = -c - 5*m - 198, m + 605 = -3*c - b*m. Let y = -124 - c. What is the units digit of y?
9
Let w be 625/(-30) + (3/(-18))/1. Let j = 208 + w. What is the tens digit of j?
8
Suppose 178*z - 29782 = 176*z + 36194. What is the hundreds digit of z?
9
Suppose -4*n + 4 = 0, -p - 5*n = -n. Let v = p + 6. Suppose 0 = j - v*r - 31, -2*j - 5*r + 31 = -40. What is the tens digit of j?
3
Suppose 5*z + 2*v - 307 = 0, 4*z - 259 = 3*v - 18. Suppose -z*w + 62*w - 3 = 0. Suppose -15*j + 228 = -w*j. What is the tens digit of j?
1
Let l(b) = 17*b - 60. Let n be l(4). Suppose -3*h - 3*z + 1307 = -z, -n = -2*z. What is the units digit of h?
3
Suppose -2*q + 28 - 40 = 0. Let l be 69*(2 + -4 - q - 2). Suppose 5*g - l = 3*a, 6*a - a + 130 = 5*g. What is the units digit of g?
0
Suppose -4*m - 38 - 70 = 2*r, 4*r + 3*m + 201 = 0. Let j be 3/(-8) - (3 - (-7170)/r). Suppose 209 - j = q. What is the tens digit of q?
6
Let d(z) = -23 + 2*z + 3*z + 94. Let g be (-2 - 42/9)/(205/(-492)). What is the hundreds digit of d(g)?
1
Let u = -514 - -45. Let s = 808 + u. What is the units digit of s?
9
Suppose -2*c - l = -2, 4*c - 4 = -c - 3*l. Suppose -2*h = c*p - 2500, 11*h + 2528 = 2*p + 6*h. What is the units digit of p?
4
Let w be (-123)/(-2 - (6/9 - 3)). Let l = 715 + w. What is the hundreds digit of l?
3
Let t be 32/12 + (-2)/(-6). Let n = 7089 - 7040. Suppose t*i - 157 = v, v - 4*v = i - n. What is the tens digit of i?
5
Let n = -65714 + 98085. What is the ten thousands digit of n?
3
Suppose 31654 - 16627 = 11*n - 56132. What is the tens digit of n?
6
Let k be 136/(-4*3/42). Let w = -244 - k. What is the units digit of w?
2
Suppose 0 = -4*v + 2*q + 18, 3*q - 2 = -v - 8. What is the tens digit of (168/16)/v*26?
9
Let i = 59 + -48. Suppose -3*t + 10*m + 3626 = i*m, 0 = 4*m - 20. What is the hundreds digit of t?
2
Let r = -487 - -462. Let w(p) = -19*p + 305. What is the units digit of w(r)?
0
Let f(t) = t**2 + 18*t + 67. Let w be f(-6). What is the tens digit of (-265)/w + -5 + (-1 - -4)?
5
Let d(z) be the third derivative of 31*z**4/24 + 20*z**3 - 52*z**2. What is the units digit of d(18)?
8
Suppose -6*t + 4*t = 40. Let k be t/(1 + 20/(-16)). Suppose -4*s + k = -36. What is the units digit of s?
9
Let t(j) = -4*j**3 - 3*j**2 + 10. Let a be (880/(-24))/10 - (-2)/3. What is the tens digit of t(a)?
9
Let s be -8 - -3 - (1775 + 16/4). Let y = s + 3119. What is the hundreds digit of y?
3
Let u = 74819 - 4255. What is the ten thousands digit of u?
7
Let a(j) = -j**3 - 15*j**2 + 2*j + 17. Let h be a(-16). Suppose -317 = -2*t + h. What is the hundreds digit of t?
2
Let o(s) = 7*s**3 + 321*s**2 - 55*s + 123. What is the thousands digit of o(-45)?
4
Let y(i) = -i**2 - 14*i - 44. Let f be y(-6). Suppose -f*x + 736 = -196. What is the tens digit of x?
3
Suppose 15967 + 72418 = 5*y + 5*v, 3*v + 3 = 0. What is the thousa